uppose -3*y - 2*y + 80 = 0. Calculate the greatest common factor of s and y.
16
Let v = 29 - 2. What is the greatest common divisor of v and 27?
27
Suppose -57 = -5*a + 2*a. What is the greatest common divisor of a and 133?
19
Let x(h) = 2*h**2 - 7*h + 14. Let n(g) = g**2 + 2*g + 3. Let m be n(-3). Let v be x(m). Let w = -51 - -73. What is the greatest common divisor of v and w?
22
Let c be (-1)/(-4) + 39/4. Let x be (-6)/(-15) - 126/(-35). What is the greatest common divisor of x and c?
2
Suppose w + 2 = 0, 6*m = 5*m + 5*w + 30. Let s(a) = a**2 + 4. Let y be s(6). Let c = y - m. What is the greatest common factor of c and 60?
20
Let z be 1/(-2 + (-110)/(-54)). What is the highest common divisor of z and 3?
3
Let r = -29 + 42. Suppose 3*w = -m + 2*w + 11, m + 4*w - 20 = 0. Let s(j) = 16*j - 11. Let y be s(m). What is the greatest common factor of y and r?
13
Suppose -270 = -67*r + 62*r. What is the highest common factor of r and 18?
18
Let s be -3 - (-8590)/55 - 4/22. Suppose -5*j + 3 = -82. What is the greatest common factor of s and j?
17
Let x = -22 + 31. What is the greatest common divisor of x and 9?
9
Suppose 8*s = 3*s + 110. What is the highest common divisor of s and 2?
2
Let x(v) be the second derivative of v**5/20 - v**4/12 + 2*v**3/3 + 3*v. Let a be x(3). Calculate the greatest common factor of 20 and a.
10
Suppose -4*s = -9*s - 30. Let d = -5 - s. Let z = 3 - 0. Calculate the highest common factor of z and d.
1
Suppose -c - 250 = -5*y, 4*c - 63 = -5*y + 187. What is the greatest common divisor of y and 10?
10
Let k be 1/((10/8)/5). Suppose -k*l = -0*l - 28. Suppose y = l + 9. Calculate the greatest common divisor of y and 8.
8
Let o(s) = s. Let a(b) = -2*b - 6. Let k(t) = a(t) + 3*o(t). Let n be k(9). Calculate the greatest common divisor of n and 27.
3
Let o be (-7)/14*-10*19/1. What is the greatest common factor of o and 38?
19
Let l(a) = a**3 - 5*a**2 - 5*a - 2. Let u be l(6). Let b = 6 - u. Suppose 0 = -3*s - b*s + 150. Calculate the highest common divisor of 10 and s.
10
Suppose 5*b = 3*w - 8*w - 205, -67 = 2*b - w. Let s be b*(-1 - (-2)/4). What is the greatest common factor of 18 and s?
18
Let f(z) = -z**3 + 6*z**2 - 2*z + 1. Let k be f(3). Let r be (-18)/99 + 24/11. What is the highest common factor of r and k?
2
Let s(a) = 5*a + 5. Let t be s(5). Let n = t - 5. What is the highest common factor of n and 5?
5
Let a = -5 + 8. Suppose a = q - 0*q. Suppose 0 = -0*p + 3*p - 2*t - 334, -q*p - 3*t + 339 = 0. Calculate the greatest common divisor of p and 14.
14
Suppose 0 = 2*i - 4 - 0. What is the highest common divisor of i and 16?
2
Suppose -b + 5 = 4*b. Let a(f) = -7*f + 127. Let x be a(18). What is the highest common divisor of b and x?
1
Suppose -29 = -2*q - 9. What is the highest common factor of 110 and q?
10
Let x(j) = -3*j + 1. Let n(o) = -13*o + 5. Let l(s) = -4*n(s) + 18*x(s). Let b be l(-3). Calculate the greatest common divisor of b and 4.
4
Suppose h = 3*h - 3*p + 26, -20 = -5*p. Let g = h + 12. Suppose 0 = u - g, -2*n = -3*n + 4*u - 9. Calculate the greatest common factor of n and 11.
11
Let o(f) be the first derivative of -f**2 + 0*f - 1/3*f**3 + 1 - 1/4*f**4. Let x be o(-3). What is the greatest common divisor of x and 16?
8
Let g be 1/7 - 102/(-21). Suppose g*o = 2*o + 18. Calculate the greatest common divisor of 6 and o.
6
Suppose 3*h - 4 = -2*v, 4*v + 2*h - 16 = -0*v. Calculate the highest common factor of v and 5.
5
Let l(b) = -12*b + 6*b**2 + 12 - 2 + b**3 + 5*b. Let r be l(-7). Let i = 15 + r. What is the highest common divisor of i and 10?
5
Let k = 1 - -68. Suppose -261 = 5*z - n, 3*z + 189 - 29 = 4*n. Let s = 75 + z. Calculate the highest common factor of k and s.
23
Let h be ((-12)/14)/(2/(-14)). Suppose -18 = 3*a - 6. Let f be ((-1)/(-1))/((-1)/a). Calculate the greatest common divisor of h and f.
2
Let f(v) = -28*v**3 - 3*v**2 - 2*v. Let m be f(-2). Suppose -5*n + 2*j = 7*j - 110, 86 = 3*n - j. Calculate the greatest common divisor of m and n.
27
Let q = -15 - -63. Let g = 6 + -10. Let n be ((-8)/(-2))/((-1)/g). What is the highest common factor of n and q?
16
Suppose 4*m - 2*m = 6. Suppose m*l = -l - 128. Let z be (10/(-4))/(2/l). What is the greatest common divisor of z and 5?
5
Let k(x) = 19*x + 2. Let g be k(3). Suppose 4*d + 5*v - 60 = 0, g = 3*d + 4*v + 14. Calculate the highest common divisor of d and 150.
15
Let b be -4 + (-11)/(7/(-7)). Let d(v) = 6*v**2 + v - 1. Let a be d(-2). Calculate the highest common divisor of a and b.
7
Let a(r) = r**3 - 12*r**2 - 2. Let q be a(12). Let s be 214/9 - q/9. Calculate the highest common divisor of 8 and s.
8
Let s = -12 - -7. Let f be (-5)/(-1) + (-10)/s. Calculate the greatest common divisor of f and 21.
7
Suppose -28 = 2*s - 4*s - 2*u, -5*s - 4*u = -71. Calculate the greatest common factor of s and 5.
5
Suppose -2*t - 45 = -4*l - 5*t, 2*l - 4*t - 28 = 0. What is the highest common factor of 8 and l?
4
Let i be ((-4)/(-8))/(2/(-24)). Let p(k) = 7*k**2 + 6*k + 3. Let c be p(i). Let d = -129 + c. Calculate the greatest common factor of d and 18.
18
Suppose 0 = 4*g - 4*n, 20 = 4*g - n + 8. Let y = 34 - 32. What is the highest common divisor of g and y?
2
Suppose 4*c = 1 + 7, -5*c - 5 = -5*x. What is the highest common factor of x and 3?
3
Suppose -10*a + 128 = -14*a. Let d = a - -72. Calculate the highest common factor of d and 5.
5
Let u = 104 + -72. Calculate the highest common factor of 352 and u.
32
Suppose 5*c - 22 = 18. Suppose 40 = 5*t + 3*w + 10, -t - w = -c. Let n = 52 + -19. What is the highest common factor of t and n?
3
Suppose 2*h = -0*h. Suppose 2*r = -3*d + 39, 6 = -h*r - 2*r. Calculate the highest common divisor of 75 and d.
15
Let p be -1 - -5 - (-105 + 13). What is the highest common factor of p and 6?
6
Let y(t) = -t**2 - 4*t + 2. Let a be y(-3). Calculate the greatest common factor of a and 5.
5
Let s(y) = -y**3 + 4*y - 1. Let i be s(-3). Suppose 44 = 2*x - 26. Calculate the highest common divisor of x and i.
7
Let y = 29 - -92. Let z = 102 - 58. Suppose z = n + 3*n. Calculate the highest common factor of y and n.
11
Let l be 1/(-4) + (-18)/(-8). Suppose -l*f = -7 - 35. Let m(p) = -p + 14. Let t be m(7). What is the greatest common factor of f and t?
7
Suppose -j - 2*a = 0, -2*a + 6*a + 6 = -j. What is the greatest common divisor of 24 and j?
6
Let w(r) = r - 7. Let g be w(12). Let o = g - 3. Suppose 3*m - 156 = -o*k, 0 = -2*m - m - 6. Calculate the greatest common divisor of k and 9.
9
Let w = -7 - -5. Let c be (-2)/(w/9) + -1. Suppose -p + 0*p = -c. What is the highest common factor of 32 and p?
8
Let g be 1 - (-1)/((-1)/10). Let i be -2 - -1 - 10/(-2). Let f be (-165)/g - i/12. What is the greatest common divisor of 144 and f?
18
Let r = -39 - -65. What is the greatest common divisor of 234 and r?
26
Suppose 0 = -3*p - 2*j + 230 + 300, 3*p = 3*j + 555. What is the greatest common divisor of p and 72?
36
Let a(t) = -2*t + 0*t + t + 3 - 7. Let f be a(-6). Suppose -f*x + 6 = -x. Calculate the greatest common factor of 6 and x.
6
Let n(x) = 11*x - 59. Let k be n(7). What is the greatest common divisor of k and 45?
9
Let i(l) = -3*l - 1 + l + 3*l. Let b be i(5). Suppose -k - b*k = -1250. What is the greatest common divisor of 25 and k?
25
Suppose u = -u + 5*t - 132, 0 = -3*t + 6. Let c = -5 - u. What is the highest common factor of c and 7?
7
Let v = -16 - -82. Calculate the highest common factor of v and 22.
22
Let z be 2/13 - 2373/(-39). Suppose 0*g + z = 3*r - 2*g, -59 = -3*r + 4*g. Calculate the highest common divisor of 147 and r.
21
Suppose 5*q + 2*t - 35 = 15, -5*t + 41 = 2*q. Let u be 3/((-3)/2) + 1. Let w = u + 2. Calculate the greatest common divisor of w and q.
1
Suppose m = -4*m + 360. Suppose 4*i - 37 = -5. Calculate the greatest common divisor of i and m.
8
Let v = -11 - -26. Calculate the greatest common factor of 120 and v.
15
Let a(t) = -t**3 + 5*t**2 + 6*t - 5. Let d be 24/5 + 12/(-15). Let c be a(d). What is the greatest common divisor of 7 and c?
7
Let h(y) be the first derivative of -y**2/2 - 4*y - 1. Let n be h(-5). What is the greatest common divisor of n and 7?
1
Let k(i) = 5*i**2 - i + 2. Let n be k(1). Calculate the highest common factor of 54 and n.
6
Suppose -3*s = 1 - 100. Calculate the greatest common fa